{"id":1098,"date":"2015-10-16T01:43:19","date_gmt":"2015-10-16T01:43:19","guid":{"rendered":"http:\/\/www.albamolinavisionguide.com\/es\/?page_id=78"},"modified":"2021-01-02T20:30:58","modified_gmt":"2021-01-02T20:30:58","slug":"biografia","status":"publish","type":"page","link":"https:\/\/alba-molina.com\/es\/biografia\/","title":{"rendered":"Biograf\u00eda"},"content":{"rendered":"<p>[et_pb_section fb_built=&#8221;1&#8243; custom_padding_last_edited=&#8221;on|desktop&#8221; admin_label=&#8221;section&#8221; module_class=&#8221;bgp01&#8243; _builder_version=&#8221;4.7.7&#8243; background_image=&#8221;https:\/\/alba-molina.com\/es\/wp-content\/uploads\/sites\/2\/2021\/01\/bio.jpg&#8221; custom_padding_tablet=&#8221;50px|0|50px|0&#8243; custom_padding_phone=&#8221;&#8221; hover_enabled=&#8221;0&#8243; custom_css_main_element=&#8221;height: 100vh;&#8221; title_text=&#8221;bio&#8221; sticky_enabled=&#8221;0&#8243;][et_pb_row padding_mobile=&#8221;off&#8221; column_padding_mobile=&#8221;on&#8221; admin_label=&#8221;row&#8221; _builder_version=&#8221;3.25&#8243; background_size=&#8221;initial&#8221; background_position=&#8221;top_left&#8221; background_repeat=&#8221;repeat&#8221; custom_css_main_element=&#8221;padding-top:5%;&#8221; make_fullwidth=&#8221;off&#8221; use_custom_width=&#8221;off&#8221; width_unit=&#8221;on&#8221;][et_pb_column type=&#8221;4_4&#8243; _builder_version=&#8221;3.25&#8243; custom_padding=&#8221;|||&#8221; custom_padding__hover=&#8221;|||&#8221;][et_pb_post_title meta=&#8221;off&#8221; featured_image=&#8221;off&#8221; text_color=&#8221;light&#8221; admin_label=&#8221;Post Title&#8221; _builder_version=&#8221;3.0.87&#8243; title_font_size=&#8221;36px&#8221; title_all_caps=&#8221;off&#8221; background_color=&#8221;rgba(255,255,255,0)&#8221; parallax=&#8221;on&#8221; text_orientation=&#8221;center&#8221; custom_css_main_element=&#8221;text-shadow: 0px 0px 6px rgba(0, 0, 0, 1);&#8221; parallax_effect=&#8221;on&#8221; module_bg_color=&#8221;rgba(255,255,255,0)&#8221; use_border_color=&#8221;off&#8221; border_color=&#8221;#ffffff&#8221; border_style=&#8221;solid&#8221;][\/et_pb_post_title][et_pb_text admin_label=&#8221;Text&#8221; _builder_version=&#8221;3.27.4&#8243; background_size=&#8221;initial&#8221; background_position=&#8221;top_left&#8221; background_repeat=&#8221;repeat&#8221; background_layout=&#8221;dark&#8221; custom_css_main_element=&#8221;text-shadow: 0px 0px 6px rgba(0, 0, 0, 1);&#8221; use_border_color=&#8221;off&#8221; border_color=&#8221;#ffffff&#8221; border_style=&#8221;solid&#8221;]<\/p>\n<p style=\"text-align: center\"><span class=\"quote\"><br \/>\n\u201cUno no busca la profesi\u00f3n. La profesi\u00f3n lo elige a uno.<br \/>\nSi en el encuentro, ambos -al mirarse a los ojos- el coraz\u00f3n canta,<br \/>\nHabr\u00e1s encontrado tu vocaci\u00f3n \u201d<br \/>\n~ Alba<br \/>\n<\/span><\/p>\n<p>[\/et_pb_text][et_pb_image src=&#8221;http:\/\/www.alba-molina.com\/es\/wp-content\/uploads\/sites\/2\/2015\/10\/arrow.png&#8221; alt=&#8221;Continuar leyendo&#8221; title_text=&#8221;Continuar leyendo&#8221; url=&#8221;#contenido&#8221; align=&#8221;center&#8221; align_tablet=&#8221;center&#8221; align_last_edited=&#8221;on|desktop&#8221; admin_label=&#8221;Image&#8221; _builder_version=&#8221;3.23&#8243; use_border_color=&#8221;off&#8221; border_color=&#8221;#ffffff&#8221; border_style=&#8221;solid&#8221; animation=&#8221;off&#8221; sticky=&#8221;off&#8221; always_center_on_mobile=&#8221;on&#8221;][\/et_pb_image][\/et_pb_column][\/et_pb_row][\/et_pb_section][et_pb_section fb_built=&#8221;1&#8243; custom_padding_last_edited=&#8221;on|desktop&#8221; admin_label=&#8221;Section&#8221; module_id=&#8221;contenido&#8221; _builder_version=&#8221;3.22&#8243; custom_padding_tablet=&#8221;50px|0|50px|0&#8243; custom_padding_phone=&#8221;&#8221; transparent_background=&#8221;off&#8221; padding_mobile=&#8221;off&#8221; make_fullwidth=&#8221;off&#8221; use_custom_width=&#8221;off&#8221; width_unit=&#8221;on&#8221;][et_pb_row admin_label=&#8221;Row&#8221; _builder_version=&#8221;3.25&#8243; background_size=&#8221;initial&#8221; background_position=&#8221;top_left&#8221; background_repeat=&#8221;repeat&#8221; column_structure=&#8221;3_4,1_4&#8243;][et_pb_column type=&#8221;3_4&#8243; _builder_version=&#8221;3.25&#8243; custom_padding=&#8221;|||&#8221; custom_padding__hover=&#8221;|||&#8221;][et_pb_text admin_label=&#8221;Text&#8221; _builder_version=&#8221;3.27.4&#8243; background_size=&#8221;initial&#8221; background_position=&#8221;top_left&#8221; background_repeat=&#8221;repeat&#8221; use_border_color=&#8221;off&#8221; border_color=&#8221;#ffffff&#8221; border_style=&#8221;solid&#8221;]Durante toda mi vida he estado involucrada con la m\u00fasica, la Educaci\u00f3n, la espiritualidad, y el deseo por ayudar a la gente.<\/p>\n<p>Sin notarlo, cada hebra iba entreteji\u00e9ndose con las otras para ir formando el dise\u00f1o m\u00e1s descriptivo de mis sue\u00f1os, deseos, necesidades, y misi\u00f3n de vida!<br \/>\nYo no podr\u00eda haberlo anticipado ni perfilado mejor.<\/p>\n<p>Si tuviera que comenzar de nuevo, har\u00eda exactamente lo mismo\u2026 con la \u00fanica diferencia de que habr\u00eda compartido mi trabajo mucho m\u00e1s desde un principio, pues pienso que es muy importante el beneficiar a la mayor cantidad de personas en todo el planeta con lo que somos, lo que tenemos y lo que hacemos.<\/p>\n<p>Mi formaci\u00f3n como Compositora y Cantante se uni\u00f3 a mi trabajo como docente (en Costa Rica y California, USA) dando clases de m\u00fasica, ingl\u00e9s y espa\u00f1ol como segundo idioma a ni\u00f1os de todas las edades. Pero fui notando que mi entusiasmo brotaba a\u00fan m\u00e1s cuando mis estudiantes me buscaban en los descansos para confiarme sus problemas y secretos, con la esperanza de que yo tuviera un consejo apropiado, o simplemente para encontrar paz y cari\u00f1o incondicional.<\/p>\n<p>Fue entonces cuando comenc\u00e9 a componer canciones que hablaran de empoderamiento, sana autoestima, e importantes valores como la gratitud, la cortes\u00eda y el respeto, entre otros. Estas canciones fueron interpretadas por mis estudiantes (a veces en forma de Opereta moderna) y al notar los cambios en sus vidas, comprend\u00ed el tremendo valor de la m\u00fasica en el proceso transformador del ser.<\/p>\n<p>Para mi sorpresa, luego algunos padres de familia y profesores tambi\u00e9n me fueron buscando para obtener ayuda personal! Por lo tanto poco a poco fui acumulando otras herramientas profesionales, terap\u00e9uticas y de comunicaci\u00f3n para poder ayudar m\u00e1s a la gente, incluso a algunos en riesgo social.<\/p>\n<p>A ra\u00edz de una catarsis personal a finales del a\u00f1o 2002, experiment\u00e9 un aumento en mi intuici\u00f3n espiritual; mi visi\u00f3n de la vida dio un vuelco radical y mi misi\u00f3n se perfil\u00f3 a\u00fan m\u00e1s claramente. Ciertos eventos me llevaron a viajar por varias ciudades de Los Estados Unidos compartiendo el mensaje de empoderamiento y positivismo, lo cual posteriormente result\u00f3 en el nombramiento como la L\u00edder Espiritual de una congregaci\u00f3n Hispana en Saint Pete, Florida.<\/p>\n<p>Todo esto ha venido agregando importantes matices a todo el \u201ctapete vocacional\u201d que hoy contin\u00faa form\u00e1ndose.<\/p>\n<p>Mis actividades profesionales actuales:<\/p>\n<ul>\n<li>Coaching de Vida y consejer\u00eda Espiritual en formatos uno-a uno, parejas, y grupos peque\u00f1os (ya sea en persona o v\u00eda Skype).<\/li>\n<li>Consejer\u00eda Espiritual<\/li>\n<li>Taller-concierto a grupos medianos<\/li>\n<li>Charla-concierto a grupos sin l\u00edmite de asistentes<\/li>\n<li>Programa radial de empoderamiento \u201cArmon\u00eda Integral\u201d<\/li>\n<li>C\u00e1psulas de video con temas de Auto-Ayuda<\/li>\n<li>Blogs<\/li>\n<li>Libros para grandes y chicos<\/li>\n<\/ul>\n<p>[\/et_pb_text][et_pb_text admin_label=&#8221;Text&#8221; _builder_version=&#8221;3.27.4&#8243; background_size=&#8221;initial&#8221; background_position=&#8221;top_left&#8221; background_repeat=&#8221;repeat&#8221; use_border_color=&#8221;off&#8221; border_color=&#8221;#ffffff&#8221; border_style=&#8221;solid&#8221;]<\/p>\n<h2>Formaci\u00f3n<\/h2>\n<p>[\/et_pb_text][et_pb_tabs admin_label=&#8221;Tabs&#8221; _builder_version=&#8221;3.0.87&#8243; background_size=&#8221;initial&#8221; background_position=&#8221;top_left&#8221; background_repeat=&#8221;repeat&#8221; use_border_color=&#8221;off&#8221; border_color=&#8221;#ffffff&#8221; border_style=&#8221;solid&#8221;][et_pb_tab title=&#8221;Formaci\u00f3n musical&#8221; _builder_version=&#8221;3.0.48&#8243; background_size=&#8221;initial&#8221; background_position=&#8221;top_left&#8221; background_repeat=&#8221;repeat&#8221;]<\/p>\n<ul>\n<li>Flauta Traversa y Composici\u00f3n (Orquesta Sinf\u00f3nica Juvenil)<\/li>\n<li>Guitarra, Canto y Solfeo (Universidad de Costa Rica)<\/li>\n<li>Armon\u00eda y Contrapunto (Universidad Nacional)<\/li>\n<\/ul>\n<p>[\/et_pb_tab][et_pb_tab title=&#8221;Formaci\u00f3n como terapeuta y comunicadora&#8221; _builder_version=&#8221;3.0.48&#8243; background_size=&#8221;initial&#8221; background_position=&#8221;top_left&#8221; background_repeat=&#8221;repeat&#8221;]<\/p>\n<ul>\n<li>Comunicaci\u00f3n No-Violenta (The Center for Nonviolent Communication)<\/li>\n<li>Connection Practice Foundations (Rasur Foundation)<\/li>\n<li>Aprendizaje Socio-Emocional (Success For Kids \u2013 SFK, Panam\u00e1)<\/li>\n<li>Coach Integral de Vida con Programaci\u00f3n Neuroling\u00fc\u00edstica (Spencer Institute, CA. USA)<\/li>\n<li>T\u00e9cnica de Liberaci\u00f3n Emocional (EFT \/ Tapping)<\/li>\n<li>Competent Communicator (Toastmasters International, CA. USA)<\/li>\n<li>Insight I (Seminarios Insight)<\/li>\n<li>Reiki I &amp; II (Reiki Master Italiana Certificada)<\/li>\n<li>Licencia de Locuci\u00f3n (Control Nacional de Radio de Costa Rica)<\/li>\n<\/ul>\n<p>[\/et_pb_tab][\/et_pb_tabs][\/et_pb_column][et_pb_column type=&#8221;1_4&#8243; _builder_version=&#8221;3.25&#8243; custom_padding=&#8221;|||&#8221; custom_padding__hover=&#8221;|||&#8221;][et_pb_sidebar area=&#8221;sidebar-1&#8243; admin_label=&#8221;Sidebar&#8221; _builder_version=&#8221;3.0.74&#8243; remove_border=&#8221;off&#8221;][\/et_pb_sidebar][\/et_pb_column][\/et_pb_row][\/et_pb_section]<\/p>\n","protected":false},"excerpt":{"rendered":"<p>\u201cUno no busca la profesi\u00f3n. La profesi\u00f3n lo elige a uno. Si en el encuentro, ambos -al mirarse a los ojos- el coraz\u00f3n canta, Habr\u00e1s encontrado tu vocaci\u00f3n \u201d ~ Alba Durante toda mi vida he estado involucrada con la m\u00fasica, la Educaci\u00f3n, la espiritualidad, y el deseo por ayudar a la gente. Sin notarlo, [&hellip;]<\/p>\n","protected":false},"author":1,"featured_media":0,"parent":0,"menu_order":5,"comment_status":"closed","ping_status":"closed","template":"","meta":{"_et_pb_use_builder":"on","_et_pb_old_content":"","_et_gb_content_width":"","_monsterinsights_skip_tracking":false,"_monsterinsights_sitenote_active":false,"_monsterinsights_sitenote_note":"","_monsterinsights_sitenote_category":0,"footnotes":""},"class_list":["post-1098","page","type-page","status-publish","hentry"],"_links":{"self":[{"href":"https:\/\/alba-molina.com\/es\/wp-json\/wp\/v2\/pages\/1098","targetHints":{"allow":["GET"]}}],"collection":[{"href":"https:\/\/alba-molina.com\/es\/wp-json\/wp\/v2\/pages"}],"about":[{"href":"https:\/\/alba-molina.com\/es\/wp-json\/wp\/v2\/types\/page"}],"author":[{"embeddable":true,"href":"https:\/\/alba-molina.com\/es\/wp-json\/wp\/v2\/users\/1"}],"replies":[{"embeddable":true,"href":"https:\/\/alba-molina.com\/es\/wp-json\/wp\/v2\/comments?post=1098"}],"version-history":[{"count":1,"href":"https:\/\/alba-molina.com\/es\/wp-json\/wp\/v2\/pages\/1098\/revisions"}],"predecessor-version":[{"id":1158,"href":"https:\/\/alba-molina.com\/es\/wp-json\/wp\/v2\/pages\/1098\/revisions\/1158"}],"wp:attachment":[{"href":"https:\/\/alba-molina.com\/es\/wp-json\/wp\/v2\/media?parent=1098"}],"curies":[{"name":"wp","href":"https:\/\/api.w.org\/{rel}","templated":true}]}}

Biografía

<p>[et_pb_section fb_built=&#8221;1&#8243; custom_padding_last_edited=&#8221;on|desktop&#8221; admin_label=&#8221;section&#8221; module_class=&#8221;bgp01&#8243; _builder_version=&#8221;4.7.7&#8243; background_image=&#8221;https://alba-molina.com/es/wp-content/uploads/sites/2/2021/01/bio.jpg&#8221; custom_padding_tablet=&#8221;50px|0|50px|0&#8243; custom_padding_phone=&#8221;&#8221; hover_enabled=&#8221;0&#8243; custom_css_main_element=&#8221;height: 100vh;&#8221; title_text=&#8221;bio&#8221; sticky_enabled=&#8221;0&#8243;][et_pb_row padding_mobile=&#8221;off&#8221; column_padding_mobile=&#8221;on&#8221; admin_label=&#8221;row&#8221; _builder_version=&#8221;3.25&#8243; background_size=&#8221;initial&#8221; background_position=&#8221;top_left&#8221; background_repeat=&#8221;repeat&#8221; custom_css_main_element=&#8221;padding-top:5%;&#8221; make_fullwidth=&#8221;off&#8221; use_custom_width=&#8221;off&#8221; width_unit=&#8221;on&#8221;][et_pb_column type=&#8221;4_4&#8243; _builder_version=&#8221;3.25&#8243; custom_padding=&#8221;|||&#8221; custom_padding__hover=&#8221;|||&#8221;][et_pb_post_title meta=&#8221;off&#8221; featured_image=&#8221;off&#8221; text_color=&#8221;light&#8221; admin_label=&#8221;Post Title&#8221; _builder_version=&#8221;3.0.87&#8243; title_font_size=&#8221;36px&#8221; title_all_caps=&#8221;off&#8221; background_color=&#8221;rgba(255,255,255,0)&#8221; parallax=&#8221;on&#8221; text_orientation=&#8221;center&#8221; custom_css_main_element=&#8221;text-shadow: 0px 0px 6px rgba(0, 0, 0, 1);&#8221; parallax_effect=&#8221;on&#8221; module_bg_color=&#8221;rgba(255,255,255,0)&#8221; use_border_color=&#8221;off&#8221; border_color=&#8221;#ffffff&#8221; border_style=&#8221;solid&#8221;][/et_pb_post_title][et_pb_text admin_label=&#8221;Text&#8221; _builder_version=&#8221;3.27.4&#8243; background_size=&#8221;initial&#8221; background_position=&#8221;top_left&#8221; background_repeat=&#8221;repeat&#8221; background_layout=&#8221;dark&#8221; custom_css_main_element=&#8221;text-shadow: 0px 0px 6px rgba(0, 0, 0, 1);&#8221; use_border_color=&#8221;off&#8221; border_color=&#8221;#ffffff&#8221; border_style=&#8221;solid&#8221;]</p>
<p style="text-align: center"><span class="quote"><br />
“Uno no busca la profesión. La profesión lo elige a uno.<br />
Si en el encuentro, ambos -al mirarse a los ojos- el corazón canta,<br />
Habrás encontrado tu vocación ”<br />
~ Alba<br />
</span></p>
<p>[/et_pb_text][et_pb_image src=&#8221;http://www.alba-molina.com/es/wp-content/uploads/sites/2/2015/10/arrow.png&#8221; alt=&#8221;Continuar leyendo&#8221; title_text=&#8221;Continuar leyendo&#8221; url=&#8221;#contenido&#8221; align=&#8221;center&#8221; align_tablet=&#8221;center&#8221; align_last_edited=&#8221;on|desktop&#8221; admin_label=&#8221;Image&#8221; _builder_version=&#8221;3.23&#8243; use_border_color=&#8221;off&#8221; border_color=&#8221;#ffffff&#8221; border_style=&#8221;solid&#8221; animation=&#8221;off&#8221; sticky=&#8221;off&#8221; always_center_on_mobile=&#8221;on&#8221;][/et_pb_image][/et_pb_column][/et_pb_row][/et_pb_section][et_pb_section fb_built=&#8221;1&#8243; custom_padding_last_edited=&#8221;on|desktop&#8221; admin_label=&#8221;Section&#8221; module_id=&#8221;contenido&#8221; _builder_version=&#8221;3.22&#8243; custom_padding_tablet=&#8221;50px|0|50px|0&#8243; custom_padding_phone=&#8221;&#8221; transparent_background=&#8221;off&#8221; padding_mobile=&#8221;off&#8221; make_fullwidth=&#8221;off&#8221; use_custom_width=&#8221;off&#8221; width_unit=&#8221;on&#8221;][et_pb_row admin_label=&#8221;Row&#8221; _builder_version=&#8221;3.25&#8243; background_size=&#8221;initial&#8221; background_position=&#8221;top_left&#8221; background_repeat=&#8221;repeat&#8221; column_structure=&#8221;3_4,1_4&#8243;][et_pb_column type=&#8221;3_4&#8243; _builder_version=&#8221;3.25&#8243; custom_padding=&#8221;|||&#8221; custom_padding__hover=&#8221;|||&#8221;][et_pb_text admin_label=&#8221;Text&#8221; _builder_version=&#8221;3.27.4&#8243; background_size=&#8221;initial&#8221; background_position=&#8221;top_left&#8221; background_repeat=&#8221;repeat&#8221; use_border_color=&#8221;off&#8221; border_color=&#8221;#ffffff&#8221; border_style=&#8221;solid&#8221;]Durante toda mi vida he estado involucrada con la música, la Educación, la espiritualidad, y el deseo por ayudar a la gente.</p>
<p>Sin notarlo, cada hebra iba entretejiéndose con las otras para ir formando el diseño más descriptivo de mis sueños, deseos, necesidades, y misión de vida!<br />
Yo no podría haberlo anticipado ni perfilado mejor.</p>
<p>Si tuviera que comenzar de nuevo, haría exactamente lo mismo… con la única diferencia de que habría compartido mi trabajo mucho más desde un principio, pues pienso que es muy importante el beneficiar a la mayor cantidad de personas en todo el planeta con lo que somos, lo que tenemos y lo que hacemos.</p>
<p>Mi formación como Compositora y Cantante se unió a mi trabajo como docente (en Costa Rica y California, USA) dando clases de música, inglés y español como segundo idioma a niños de todas las edades. Pero fui notando que mi entusiasmo brotaba aún más cuando mis estudiantes me buscaban en los descansos para confiarme sus problemas y secretos, con la esperanza de que yo tuviera un consejo apropiado, o simplemente para encontrar paz y cariño incondicional.</p>
<p>Fue entonces cuando comencé a componer canciones que hablaran de empoderamiento, sana autoestima, e importantes valores como la gratitud, la cortesía y el respeto, entre otros. Estas canciones fueron interpretadas por mis estudiantes (a veces en forma de Opereta moderna) y al notar los cambios en sus vidas, comprendí el tremendo valor de la música en el proceso transformador del ser.</p>
<p>Para mi sorpresa, luego algunos padres de familia y profesores también me fueron buscando para obtener ayuda personal! Por lo tanto poco a poco fui acumulando otras herramientas profesionales, terapéuticas y de comunicación para poder ayudar más a la gente, incluso a algunos en riesgo social.</p>
<p>A raíz de una catarsis personal a finales del año 2002, experimenté un aumento en mi intuición espiritual; mi visión de la vida dio un vuelco radical y mi misión se perfiló aún más claramente. Ciertos eventos me llevaron a viajar por varias ciudades de Los Estados Unidos compartiendo el mensaje de empoderamiento y positivismo, lo cual posteriormente resultó en el nombramiento como la Líder Espiritual de una congregación Hispana en Saint Pete, Florida.</p>
<p>Todo esto ha venido agregando importantes matices a todo el “tapete vocacional” que hoy continúa formándose.</p>
<p>Mis actividades profesionales actuales:</p>
<ul>
<li>Coaching de Vida y consejería Espiritual en formatos uno-a uno, parejas, y grupos pequeños (ya sea en persona o vía Skype).</li>
<li>Consejería Espiritual</li>
<li>Taller-concierto a grupos medianos</li>
<li>Charla-concierto a grupos sin límite de asistentes</li>
<li>Programa radial de empoderamiento “Armonía Integral”</li>
<li>Cápsulas de video con temas de Auto-Ayuda</li>
<li>Blogs</li>
<li>Libros para grandes y chicos</li>
</ul>
<p>[/et_pb_text][et_pb_text admin_label=&#8221;Text&#8221; _builder_version=&#8221;3.27.4&#8243; background_size=&#8221;initial&#8221; background_position=&#8221;top_left&#8221; background_repeat=&#8221;repeat&#8221; use_border_color=&#8221;off&#8221; border_color=&#8221;#ffffff&#8221; border_style=&#8221;solid&#8221;]</p>
<h2>Formación</h2>
<p>[/et_pb_text][et_pb_tabs admin_label=&#8221;Tabs&#8221; _builder_version=&#8221;3.0.87&#8243; background_size=&#8221;initial&#8221; background_position=&#8221;top_left&#8221; background_repeat=&#8221;repeat&#8221; use_border_color=&#8221;off&#8221; border_color=&#8221;#ffffff&#8221; border_style=&#8221;solid&#8221;][et_pb_tab title=&#8221;Formación musical&#8221; _builder_version=&#8221;3.0.48&#8243; background_size=&#8221;initial&#8221; background_position=&#8221;top_left&#8221; background_repeat=&#8221;repeat&#8221;]</p>
<ul>
<li>Flauta Traversa y Composición (Orquesta Sinfónica Juvenil)</li>
<li>Guitarra, Canto y Solfeo (Universidad de Costa Rica)</li>
<li>Armonía y Contrapunto (Universidad Nacional)</li>
</ul>
<p>[/et_pb_tab][et_pb_tab title=&#8221;Formación como terapeuta y comunicadora&#8221; _builder_version=&#8221;3.0.48&#8243; background_size=&#8221;initial&#8221; background_position=&#8221;top_left&#8221; background_repeat=&#8221;repeat&#8221;]</p>
<ul>
<li>Comunicación No-Violenta (The Center for Nonviolent Communication)</li>
<li>Connection Practice Foundations (Rasur Foundation)</li>
<li>Aprendizaje Socio-Emocional (Success For Kids – SFK, Panamá)</li>
<li>Coach Integral de Vida con Programación Neurolingüística (Spencer Institute, CA. USA)</li>
<li>Técnica de Liberación Emocional (EFT / Tapping)</li>
<li>Competent Communicator (Toastmasters International, CA. USA)</li>
<li>Insight I (Seminarios Insight)</li>
<li>Reiki I &amp; II (Reiki Master Italiana Certificada)</li>
<li>Licencia de Locución (Control Nacional de Radio de Costa Rica)</li>
</ul>
<p>[/et_pb_tab][/et_pb_tabs][/et_pb_column][et_pb_column type=&#8221;1_4&#8243; _builder_version=&#8221;3.25&#8243; custom_padding=&#8221;|||&#8221; custom_padding__hover=&#8221;|||&#8221;][et_pb_sidebar area=&#8221;sidebar-1&#8243; admin_label=&#8221;Sidebar&#8221; _builder_version=&#8221;3.0.74&#8243; remove_border=&#8221;off&#8221;][/et_pb_sidebar][/et_pb_column][/et_pb_row][/et_pb_section]</p>

<p>“Uno no busca la profesión. La profesión lo elige a uno. Si en el encuentro, ambos -al mirarse a los ojos- el corazón canta, Habrás encontrado tu vocación ” ~ Alba Durante toda mi vida he estado involucrada con la música, la Educación, la espiritualidad, y el deseo por ayudar a la gente. Sin notarlo, [&hellip;]</p>
